{"id":4932,"date":"2024-12-18T14:13:44","date_gmt":"2024-12-18T13:13:44","guid":{"rendered":"https:\/\/www.armadamobility.nl\/product-groep\/stadtmoebel\/"},"modified":"2025-03-05T11:26:05","modified_gmt":"2025-03-05T10:26:05","slug":"stadtmoebel","status":"publish","type":"producten","link":"https:\/\/www.armadamobility.nl\/de\/produktgruppe\/stadtmoebel\/","title":{"rendered":"Stadtm\u00f6bel"},"content":{"rendered":"\t\t<div data-elementor-type=\"wp-post\" data-elementor-id=\"4932\" class=\"elementor elementor-4932 elementor-3048\" data-elementor-post-type=\"producten\">\n\t\t\t\t<div class=\"elementor-element elementor-element-e2d8aa5 e-flex e-con-boxed e-con e-parent\" data-id=\"e2d8aa5\" data-element_type=\"container\" data-e-type=\"container\" data-settings=\"{&quot;background_background&quot;:&quot;classic&quot;,&quot;jet_parallax_layout_list&quot;:[]}\">\n\t\t\t\t\t<div class=\"e-con-inner\">\n\t\t<div class=\"elementor-element elementor-element-ea3505d e-con-full e-flex e-con e-child\" data-id=\"ea3505d\" data-element_type=\"container\" data-e-type=\"container\" data-settings=\"{&quot;jet_parallax_layout_list&quot;:[]}\">\n\t\t\t\t<div class=\"elementor-element elementor-element-c2b9d79 elementor-widget elementor-widget-text-editor\" data-id=\"c2b9d79\" data-element_type=\"widget\" data-e-type=\"widget\" data-widget_type=\"text-editor.default\">\n\t\t\t\t<div class=\"elementor-widget-container\">\n\t\t\t\t\t\t\t\t\t<p>Suchen Sie hochwertige Stadt- oder Au\u00dfenm\u00f6bel f\u00fcr den \u00f6ffentlichen Raum? Bei Armada Mobility sind Sie genau richtig! Wir sind Experten f\u00fcr nachhaltige Stadtm\u00f6bel und unterst\u00fctzen Sie bei der Gestaltung von Einkaufsstra\u00dfen, Gewerbegebieten, Parks und Pl\u00e4tzen.<br \/>Ein gut gestalteter \u00f6ffentlicher Raum ist essenziell \u2013 wir begleiten Sie von der Planung \u00fcber die Produktion bis hin zur Installation. Kontaktieren Sie uns f\u00fcr weitere Informationen oder entdecken Sie unser Sortiment online!     <\/p>\n\t\t\t\t\t\t\t\t<\/div>\n\t\t\t\t<\/div>\n\t\t\t\t<\/div>\n\t\t<div class=\"elementor-element elementor-element-eeed64f e-con-full e-flex e-con e-child\" data-id=\"eeed64f\" data-element_type=\"container\" data-e-type=\"container\" data-settings=\"{&quot;background_background&quot;:&quot;classic&quot;,&quot;jet_parallax_layout_list&quot;:[]}\">\n\t\t\t\t<\/div>\n\t\t\t\t\t<\/div>\n\t\t\t\t<\/div>\n\t\t\t\t<\/div>\n\t\t","protected":false},"excerpt":{"rendered":"<p>Suchen Sie hochwertige Stadt- oder Au\u00dfenm\u00f6bel f\u00fcr den \u00f6ffentlichen Raum? Bei Armada Mobility sind Sie genau richtig! Wir sind Experten f\u00fcr nachhaltige Stadtm\u00f6bel und unterst\u00fctzen Sie bei der Gestaltung von Einkaufsstra\u00dfen, Gewerbegebieten, Parks und Pl\u00e4tzen.Ein gut gestalteter \u00f6ffentlicher Raum ist essenziell \u2013 wir begleiten Sie von der Planung \u00fcber die Produktion bis hin zur Installation. [&hellip;]<\/p>\n","protected":false},"featured_media":3055,"template":"","product-categorieen":[],"class_list":["post-4932","producten","type-producten","status-publish","has-post-thumbnail","hentry"],"yoast_head":"<!-- This site is optimized with the Yoast SEO plugin v27.3 - https:\/\/yoast.com\/product\/yoast-seo-wordpress\/ -->\n<title>Stadtm\u00f6bel | Armada Mobility<\/title>\n<meta name=\"robots\" content=\"index, follow, max-snippet:-1, max-image-preview:large, max-video-preview:-1\" \/>\n<link rel=\"canonical\" href=\"https:\/\/www.armadamobility.nl\/de\/product-groep\/stadtmoebel\/\" \/>\n<meta property=\"og:locale\" content=\"de_DE\" \/>\n<meta property=\"og:type\" content=\"article\" \/>\n<meta property=\"og:title\" content=\"Stadtm\u00f6bel | Armada Mobility\" \/>\n<meta property=\"og:description\" content=\"Suchen Sie hochwertige Stadt- oder Au\u00dfenm\u00f6bel f\u00fcr den \u00f6ffentlichen Raum? Bei Armada Mobility sind Sie genau richtig! Wir sind Experten f\u00fcr nachhaltige Stadtm\u00f6bel und unterst\u00fctzen Sie bei der Gestaltung von Einkaufsstra\u00dfen, Gewerbegebieten, Parks und Pl\u00e4tzen.Ein gut gestalteter \u00f6ffentlicher Raum ist essenziell \u2013 wir begleiten Sie von der Planung \u00fcber die Produktion bis hin zur Installation. [&hellip;]\" \/>\n<meta property=\"og:url\" content=\"https:\/\/www.armadamobility.nl\/de\/product-groep\/stadtmoebel\/\" \/>\n<meta property=\"og:site_name\" content=\"Armada Mobility\" \/>\n<meta property=\"article:modified_time\" content=\"2025-03-05T10:26:05+00:00\" \/>\n<meta property=\"og:image\" content=\"https:\/\/www.armadamobility.nl\/wp-content\/uploads\/2024\/12\/Emmendingen-2.jpg\" \/>\n\t<meta property=\"og:image:width\" content=\"2500\" \/>\n\t<meta property=\"og:image:height\" content=\"1432\" \/>\n\t<meta property=\"og:image:type\" content=\"image\/jpeg\" \/>\n<meta name=\"twitter:card\" content=\"summary_large_image\" \/>\n<script type=\"application\/ld+json\" class=\"yoast-schema-graph\">{\"@context\":\"https:\\\/\\\/schema.org\",\"@graph\":[{\"@type\":\"WebPage\",\"@id\":\"https:\\\/\\\/www.armadamobility.nl\\\/de\\\/product-groep\\\/stadtmoebel\\\/\",\"url\":\"https:\\\/\\\/www.armadamobility.nl\\\/de\\\/product-groep\\\/stadtmoebel\\\/\",\"name\":\"Stadtm\u00f6bel | Armada Mobility\",\"isPartOf\":{\"@id\":\"https:\\\/\\\/www.armadamobility.nl\\\/#website\"},\"primaryImageOfPage\":{\"@id\":\"https:\\\/\\\/www.armadamobility.nl\\\/de\\\/product-groep\\\/stadtmoebel\\\/#primaryimage\"},\"image\":{\"@id\":\"https:\\\/\\\/www.armadamobility.nl\\\/de\\\/product-groep\\\/stadtmoebel\\\/#primaryimage\"},\"thumbnailUrl\":\"https:\\\/\\\/www.armadamobility.nl\\\/wp-content\\\/uploads\\\/2024\\\/12\\\/Emmendingen-2.jpg\",\"datePublished\":\"2024-12-18T13:13:44+00:00\",\"dateModified\":\"2025-03-05T10:26:05+00:00\",\"breadcrumb\":{\"@id\":\"https:\\\/\\\/www.armadamobility.nl\\\/de\\\/product-groep\\\/stadtmoebel\\\/#breadcrumb\"},\"inLanguage\":\"de\",\"potentialAction\":[{\"@type\":\"ReadAction\",\"target\":[\"https:\\\/\\\/www.armadamobility.nl\\\/de\\\/product-groep\\\/stadtmoebel\\\/\"]}]},{\"@type\":\"ImageObject\",\"inLanguage\":\"de\",\"@id\":\"https:\\\/\\\/www.armadamobility.nl\\\/de\\\/product-groep\\\/stadtmoebel\\\/#primaryimage\",\"url\":\"https:\\\/\\\/www.armadamobility.nl\\\/wp-content\\\/uploads\\\/2024\\\/12\\\/Emmendingen-2.jpg\",\"contentUrl\":\"https:\\\/\\\/www.armadamobility.nl\\\/wp-content\\\/uploads\\\/2024\\\/12\\\/Emmendingen-2.jpg\",\"width\":2500,\"height\":1432},{\"@type\":\"BreadcrumbList\",\"@id\":\"https:\\\/\\\/www.armadamobility.nl\\\/de\\\/product-groep\\\/stadtmoebel\\\/#breadcrumb\",\"itemListElement\":[{\"@type\":\"ListItem\",\"position\":1,\"name\":\"Home\",\"item\":\"https:\\\/\\\/www.armadamobility.nl\\\/\"},{\"@type\":\"ListItem\",\"position\":2,\"name\":\"Product groep\",\"item\":\"https:\\\/\\\/www.armadamobility.nl\\\/product-groep\\\/\"},{\"@type\":\"ListItem\",\"position\":3,\"name\":\"Stadtm\u00f6bel\"}]},{\"@type\":\"WebSite\",\"@id\":\"https:\\\/\\\/www.armadamobility.nl\\\/#website\",\"url\":\"https:\\\/\\\/www.armadamobility.nl\\\/\",\"name\":\"Armada Mobility\",\"description\":\"Openbare voorzieningen &amp; Rail-Infra\",\"publisher\":{\"@id\":\"https:\\\/\\\/www.armadamobility.nl\\\/#organization\"},\"potentialAction\":[{\"@type\":\"SearchAction\",\"target\":{\"@type\":\"EntryPoint\",\"urlTemplate\":\"https:\\\/\\\/www.armadamobility.nl\\\/?s={search_term_string}\"},\"query-input\":{\"@type\":\"PropertyValueSpecification\",\"valueRequired\":true,\"valueName\":\"search_term_string\"}}],\"inLanguage\":\"de\"},{\"@type\":\"Organization\",\"@id\":\"https:\\\/\\\/www.armadamobility.nl\\\/#organization\",\"name\":\"Armada Mobility B.V.\",\"url\":\"https:\\\/\\\/www.armadamobility.nl\\\/\",\"logo\":{\"@type\":\"ImageObject\",\"inLanguage\":\"de\",\"@id\":\"https:\\\/\\\/www.armadamobility.nl\\\/#\\\/schema\\\/logo\\\/image\\\/\",\"url\":\"https:\\\/\\\/www.armadamobility.nl\\\/wp-content\\\/uploads\\\/2024\\\/09\\\/Logo-armada-mobility.svg\",\"contentUrl\":\"https:\\\/\\\/www.armadamobility.nl\\\/wp-content\\\/uploads\\\/2024\\\/09\\\/Logo-armada-mobility.svg\",\"width\":1699.5,\"height\":303.8,\"caption\":\"Armada Mobility B.V.\"},\"image\":{\"@id\":\"https:\\\/\\\/www.armadamobility.nl\\\/#\\\/schema\\\/logo\\\/image\\\/\"}}]}<\/script>\n<!-- \/ Yoast SEO plugin. -->","yoast_head_json":{"title":"Stadtm\u00f6bel | Armada Mobility","robots":{"index":"index","follow":"follow","max-snippet":"max-snippet:-1","max-image-preview":"max-image-preview:large","max-video-preview":"max-video-preview:-1"},"canonical":"https:\/\/www.armadamobility.nl\/de\/product-groep\/stadtmoebel\/","og_locale":"de_DE","og_type":"article","og_title":"Stadtm\u00f6bel | Armada Mobility","og_description":"Suchen Sie hochwertige Stadt- oder Au\u00dfenm\u00f6bel f\u00fcr den \u00f6ffentlichen Raum? Bei Armada Mobility sind Sie genau richtig! Wir sind Experten f\u00fcr nachhaltige Stadtm\u00f6bel und unterst\u00fctzen Sie bei der Gestaltung von Einkaufsstra\u00dfen, Gewerbegebieten, Parks und Pl\u00e4tzen.Ein gut gestalteter \u00f6ffentlicher Raum ist essenziell \u2013 wir begleiten Sie von der Planung \u00fcber die Produktion bis hin zur Installation. [&hellip;]","og_url":"https:\/\/www.armadamobility.nl\/de\/product-groep\/stadtmoebel\/","og_site_name":"Armada Mobility","article_modified_time":"2025-03-05T10:26:05+00:00","og_image":[{"width":2500,"height":1432,"url":"https:\/\/www.armadamobility.nl\/wp-content\/uploads\/2024\/12\/Emmendingen-2.jpg","type":"image\/jpeg"}],"twitter_card":"summary_large_image","schema":{"@context":"https:\/\/schema.org","@graph":[{"@type":"WebPage","@id":"https:\/\/www.armadamobility.nl\/de\/product-groep\/stadtmoebel\/","url":"https:\/\/www.armadamobility.nl\/de\/product-groep\/stadtmoebel\/","name":"Stadtm\u00f6bel | Armada Mobility","isPartOf":{"@id":"https:\/\/www.armadamobility.nl\/#website"},"primaryImageOfPage":{"@id":"https:\/\/www.armadamobility.nl\/de\/product-groep\/stadtmoebel\/#primaryimage"},"image":{"@id":"https:\/\/www.armadamobility.nl\/de\/product-groep\/stadtmoebel\/#primaryimage"},"thumbnailUrl":"https:\/\/www.armadamobility.nl\/wp-content\/uploads\/2024\/12\/Emmendingen-2.jpg","datePublished":"2024-12-18T13:13:44+00:00","dateModified":"2025-03-05T10:26:05+00:00","breadcrumb":{"@id":"https:\/\/www.armadamobility.nl\/de\/product-groep\/stadtmoebel\/#breadcrumb"},"inLanguage":"de","potentialAction":[{"@type":"ReadAction","target":["https:\/\/www.armadamobility.nl\/de\/product-groep\/stadtmoebel\/"]}]},{"@type":"ImageObject","inLanguage":"de","@id":"https:\/\/www.armadamobility.nl\/de\/product-groep\/stadtmoebel\/#primaryimage","url":"https:\/\/www.armadamobility.nl\/wp-content\/uploads\/2024\/12\/Emmendingen-2.jpg","contentUrl":"https:\/\/www.armadamobility.nl\/wp-content\/uploads\/2024\/12\/Emmendingen-2.jpg","width":2500,"height":1432},{"@type":"BreadcrumbList","@id":"https:\/\/www.armadamobility.nl\/de\/product-groep\/stadtmoebel\/#breadcrumb","itemListElement":[{"@type":"ListItem","position":1,"name":"Home","item":"https:\/\/www.armadamobility.nl\/"},{"@type":"ListItem","position":2,"name":"Product groep","item":"https:\/\/www.armadamobility.nl\/product-groep\/"},{"@type":"ListItem","position":3,"name":"Stadtm\u00f6bel"}]},{"@type":"WebSite","@id":"https:\/\/www.armadamobility.nl\/#website","url":"https:\/\/www.armadamobility.nl\/","name":"Armada Mobility","description":"Openbare voorzieningen &amp; Rail-Infra","publisher":{"@id":"https:\/\/www.armadamobility.nl\/#organization"},"potentialAction":[{"@type":"SearchAction","target":{"@type":"EntryPoint","urlTemplate":"https:\/\/www.armadamobility.nl\/?s={search_term_string}"},"query-input":{"@type":"PropertyValueSpecification","valueRequired":true,"valueName":"search_term_string"}}],"inLanguage":"de"},{"@type":"Organization","@id":"https:\/\/www.armadamobility.nl\/#organization","name":"Armada Mobility B.V.","url":"https:\/\/www.armadamobility.nl\/","logo":{"@type":"ImageObject","inLanguage":"de","@id":"https:\/\/www.armadamobility.nl\/#\/schema\/logo\/image\/","url":"https:\/\/www.armadamobility.nl\/wp-content\/uploads\/2024\/09\/Logo-armada-mobility.svg","contentUrl":"https:\/\/www.armadamobility.nl\/wp-content\/uploads\/2024\/09\/Logo-armada-mobility.svg","width":1699.5,"height":303.8,"caption":"Armada Mobility B.V."},"image":{"@id":"https:\/\/www.armadamobility.nl\/#\/schema\/logo\/image\/"}}]}},"_links":{"self":[{"href":"https:\/\/www.armadamobility.nl\/de\/wp-json\/wp\/v2\/producten\/4932","targetHints":{"allow":["GET"]}}],"collection":[{"href":"https:\/\/www.armadamobility.nl\/de\/wp-json\/wp\/v2\/producten"}],"about":[{"href":"https:\/\/www.armadamobility.nl\/de\/wp-json\/wp\/v2\/types\/producten"}],"version-history":[{"count":1,"href":"https:\/\/www.armadamobility.nl\/de\/wp-json\/wp\/v2\/producten\/4932\/revisions"}],"predecessor-version":[{"id":4933,"href":"https:\/\/www.armadamobility.nl\/de\/wp-json\/wp\/v2\/producten\/4932\/revisions\/4933"}],"wp:featuredmedia":[{"embeddable":true,"href":"https:\/\/www.armadamobility.nl\/de\/wp-json\/wp\/v2\/media\/3055"}],"wp:attachment":[{"href":"https:\/\/www.armadamobility.nl\/de\/wp-json\/wp\/v2\/media?parent=4932"}],"wp:term":[{"taxonomy":"product-categorieen","embeddable":true,"href":"https:\/\/www.armadamobility.nl\/de\/wp-json\/wp\/v2\/product-categorieen?post=4932"}],"curies":[{"name":"wp","href":"https:\/\/api.w.org\/{rel}","templated":true}]}}

Stadtmöbel

<div data-elementor-type="wp-post" data-elementor-id="4932" class="elementor elementor-4932 elementor-3048" data-elementor-post-type="producten">
				<div class="elementor-element elementor-element-e2d8aa5 e-flex e-con-boxed e-con e-parent" data-id="e2d8aa5" data-element_type="container" data-e-type="container" data-settings="{&quot;background_background&quot;:&quot;classic&quot;,&quot;jet_parallax_layout_list&quot;:[]}">
					<div class="e-con-inner">
		<div class="elementor-element elementor-element-ea3505d e-con-full e-flex e-con e-child" data-id="ea3505d" data-element_type="container" data-e-type="container" data-settings="{&quot;jet_parallax_layout_list&quot;:[]}">
				<div class="elementor-element elementor-element-c2b9d79 elementor-widget elementor-widget-text-editor" data-id="c2b9d79" data-element_type="widget" data-e-type="widget" data-widget_type="text-editor.default">
				<div class="elementor-widget-container">
									<p>Suchen Sie hochwertige Stadt- oder Außenmöbel für den öffentlichen Raum? Bei Armada Mobility sind Sie genau richtig! Wir sind Experten für nachhaltige Stadtmöbel und unterstützen Sie bei der Gestaltung von Einkaufsstraßen, Gewerbegebieten, Parks und Plätzen.<br />Ein gut gestalteter öffentlicher Raum ist essenziell – wir begleiten Sie von der Planung über die Produktion bis hin zur Installation. Kontaktieren Sie uns für weitere Informationen oder entdecken Sie unser Sortiment online!     </p>
								</div>
				</div>
				</div>
		<div class="elementor-element elementor-element-eeed64f e-con-full e-flex e-con e-child" data-id="eeed64f" data-element_type="container" data-e-type="container" data-settings="{&quot;background_background&quot;:&quot;classic&quot;,&quot;jet_parallax_layout_list&quot;:[]}">
				</div>
					</div>
				</div>
				</div>

<p>Suchen Sie hochwertige Stadt- oder Außenmöbel für den öffentlichen Raum? Bei Armada Mobility sind Sie genau richtig! Wir sind Experten für nachhaltige Stadtmöbel und unterstützen Sie bei der Gestaltung von Einkaufsstraßen, Gewerbegebieten, Parks und Plätzen.Ein gut gestalteter öffentlicher Raum ist essenziell – wir begleiten Sie von der Planung über die Produktion bis hin zur Installation. [&hellip;]</p>

<!-- This site is optimized with the Yoast SEO plugin v27.3 - https://yoast.com/product/yoast-seo-wordpress/ -->
<title>Stadtmöbel | Armada Mobility</title>
<meta name="robots" content="index, follow, max-snippet:-1, max-image-preview:large, max-video-preview:-1" />
<link rel="canonical" href="https://www.armadamobility.nl/de/product-groep/stadtmoebel/" />
<meta property="og:locale" content="de_DE" />
<meta property="og:type" content="article" />
<meta property="og:title" content="Stadtmöbel | Armada Mobility" />
<meta property="og:description" content="Suchen Sie hochwertige Stadt- oder Außenmöbel für den öffentlichen Raum? Bei Armada Mobility sind Sie genau richtig! Wir sind Experten für nachhaltige Stadtmöbel und unterstützen Sie bei der Gestaltung von Einkaufsstraßen, Gewerbegebieten, Parks und Plätzen.Ein gut gestalteter öffentlicher Raum ist essenziell – wir begleiten Sie von der Planung über die Produktion bis hin zur Installation. [&hellip;]" />
<meta property="og:url" content="https://www.armadamobility.nl/de/product-groep/stadtmoebel/" />
<meta property="og:site_name" content="Armada Mobility" />
<meta property="article:modified_time" content="2025-03-05T10:26:05+00:00" />
<meta property="og:image" content="https://www.armadamobility.nl/wp-content/uploads/2024/12/Emmendingen-2.jpg" />
	<meta property="og:image:width" content="2500" />
	<meta property="og:image:height" content="1432" />
	<meta property="og:image:type" content="image/jpeg" />
<meta name="twitter:card" content="summary_large_image" />
<script type="application/ld+json" class="yoast-schema-graph">{"@context":"https:\/\/schema.org","@graph":[{"@type":"WebPage","@id":"https:\/\/www.armadamobility.nl\/de\/product-groep\/stadtmoebel\/","url":"https:\/\/www.armadamobility.nl\/de\/product-groep\/stadtmoebel\/","name":"Stadtmöbel | Armada Mobility","isPartOf":{"@id":"https:\/\/www.armadamobility.nl\/#website"},"primaryImageOfPage":{"@id":"https:\/\/www.armadamobility.nl\/de\/product-groep\/stadtmoebel\/#primaryimage"},"image":{"@id":"https:\/\/www.armadamobility.nl\/de\/product-groep\/stadtmoebel\/#primaryimage"},"thumbnailUrl":"https:\/\/www.armadamobility.nl\/wp-content\/uploads\/2024\/12\/Emmendingen-2.jpg","datePublished":"2024-12-18T13:13:44+00:00","dateModified":"2025-03-05T10:26:05+00:00","breadcrumb":{"@id":"https:\/\/www.armadamobility.nl\/de\/product-groep\/stadtmoebel\/#breadcrumb"},"inLanguage":"de","potentialAction":[{"@type":"ReadAction","target":["https:\/\/www.armadamobility.nl\/de\/product-groep\/stadtmoebel\/"]}]},{"@type":"ImageObject","inLanguage":"de","@id":"https:\/\/www.armadamobility.nl\/de\/product-groep\/stadtmoebel\/#primaryimage","url":"https:\/\/www.armadamobility.nl\/wp-content\/uploads\/2024\/12\/Emmendingen-2.jpg","contentUrl":"https:\/\/www.armadamobility.nl\/wp-content\/uploads\/2024\/12\/Emmendingen-2.jpg","width":2500,"height":1432},{"@type":"BreadcrumbList","@id":"https:\/\/www.armadamobility.nl\/de\/product-groep\/stadtmoebel\/#breadcrumb","itemListElement":[{"@type":"ListItem","position":1,"name":"Home","item":"https:\/\/www.armadamobility.nl\/"},{"@type":"ListItem","position":2,"name":"Product groep","item":"https:\/\/www.armadamobility.nl\/product-groep\/"},{"@type":"ListItem","position":3,"name":"Stadtmöbel"}]},{"@type":"WebSite","@id":"https:\/\/www.armadamobility.nl\/#website","url":"https:\/\/www.armadamobility.nl\/","name":"Armada Mobility","description":"Openbare voorzieningen &amp; Rail-Infra","publisher":{"@id":"https:\/\/www.armadamobility.nl\/#organization"},"potentialAction":[{"@type":"SearchAction","target":{"@type":"EntryPoint","urlTemplate":"https:\/\/www.armadamobility.nl\/?s={search_term_string}"},"query-input":{"@type":"PropertyValueSpecification","valueRequired":true,"valueName":"search_term_string"}}],"inLanguage":"de"},{"@type":"Organization","@id":"https:\/\/www.armadamobility.nl\/#organization","name":"Armada Mobility B.V.","url":"https:\/\/www.armadamobility.nl\/","logo":{"@type":"ImageObject","inLanguage":"de","@id":"https:\/\/www.armadamobility.nl\/#\/schema\/logo\/image\/","url":"https:\/\/www.armadamobility.nl\/wp-content\/uploads\/2024\/09\/Logo-armada-mobility.svg","contentUrl":"https:\/\/www.armadamobility.nl\/wp-content\/uploads\/2024\/09\/Logo-armada-mobility.svg","width":1699.5,"height":303.8,"caption":"Armada Mobility B.V."},"image":{"@id":"https:\/\/www.armadamobility.nl\/#\/schema\/logo\/image\/"}}]}</script>
<!-- / Yoast SEO plugin. -->

Stadtmöbel | Armada Mobility

Suchen Sie hochwertige Stadt- oder Außenmöbel für den öffentlichen Raum? Bei Armada Mobility sind Sie genau richtig! Wir sind Experten für nachhaltige Stadtmöbel und unterstützen Sie bei der Gestaltung von Einkaufsstraßen, Gewerbegebieten, Parks und Plätzen.Ein gut gestalteter öffentlicher Raum ist essenziell – wir begleiten Sie von der Planung über die Produktion bis hin zur Installation. [&hellip;]
