{"id":5002,"date":"2024-12-16T12:47:18","date_gmt":"2024-12-16T11:47:18","guid":{"rendered":"https:\/\/www.armadamobility.nl\/producten\/prorail-fahrradschliessfachs\/"},"modified":"2025-02-28T15:52:57","modified_gmt":"2025-02-28T14:52:57","slug":"prorail-fahrradschliessfachs","status":"publish","type":"product","link":"https:\/\/www.armadamobility.nl\/de\/produkte\/prorail-fahrradschliessfachs\/","title":{"rendered":"ProRail-Fahrradschlie\u00dffachs"},"content":{"rendered":"\n<p>Unser Fahrradschlie\u00dffach bietet optimalen Schutz vor Regen, Wind und Vandalismus, sodass Sie Ihr Fahrrad sicher und gesch\u00fctzt abstellen k\u00f6nnen. <\/p>\n\n<p>\n          <strong>Hauptmerkmale des ProRail-Fahrradschlie\u00dffachs<\/strong>\n        <\/p>\n\n<ul class=\"wp-block-list\">\n<li><strong>Hochwertige Qualit\u00e4t:<\/strong> Hergestellt aus langlebigen Materialien. Alle Komponenten sind feuerverzinkt und verf\u00fcgen \u00fcber eine mehrschichtige Pulverbeschichtung oder seewasserbest\u00e4ndigen Edelstahl (z. B. f\u00fcr Schl\u00f6sser und Befestigungen). <\/li>\n\n\n\n<li><strong>Benutzerfreundliches Design:<\/strong> Ausgestattet mit einer Radf\u00fchrung f\u00fcr einfaches Einparken.<\/li>\n\n\n\n<li><strong>Flexible Schlie\u00dfoptionen:<\/strong> Wahl zwischen Zylinderschloss oder elektronischem Zugang.<\/li>\n\n\n\n<li><strong>Modulares Design: <\/strong>Geeignet f\u00fcr einseitige und doppelseitige Aufstellung.<\/li>\n\n\n\n<li><strong>Zus\u00e4tzliche Funktionen: <\/strong>Innere Trennwand mit verzinktem Gitter, inklusive Kleiderhaken und Fahrrad-Befestigungssystem.<\/li>\n<\/ul>\n\n<p>\n          <strong>Optionale Extras:<\/strong>\n        <\/p>\n\n<ul class=\"wp-block-list\">\n<li>Ladestation f\u00fcr E-Bikes<\/li>\n\n\n\n<li>Reservierung und Zugang per App<br\/><\/li>\n\n\n\n<li>Elektronisches Schloss<\/li>\n\n\n\n<li>LED-Beleuchtung<\/li>\n\n\n\n<li>Individuelle Folierung oder Beschriftung<\/li>\n<\/ul>\n","protected":false},"excerpt":{"rendered":"<p>Unser Fahrradschlie\u00dffach bietet optimalen Schutz vor Regen, Wind und Vandalismus, sodass Sie Ihr Fahrrad sicher und gesch\u00fctzt abstellen k\u00f6nnen. Hauptmerkmale des ProRail-Fahrradschlie\u00dffachs Optionale Extras:<\/p>\n","protected":false},"featured_media":2844,"parent":0,"template":"","class_list":["post-5002","product","type-product","status-publish","has-post-thumbnail","hentry"],"yoast_head":"<!-- This site is optimized with the Yoast SEO plugin v27.3 - https:\/\/yoast.com\/product\/yoast-seo-wordpress\/ -->\n<title>ProRail-Fahrradschlie\u00dffachs | Armada Mobility<\/title>\n<meta name=\"robots\" content=\"index, follow, max-snippet:-1, max-image-preview:large, max-video-preview:-1\" \/>\n<link rel=\"canonical\" href=\"https:\/\/www.armadamobility.nl\/de\/producten\/prorail-fahrradschliessfachs\/\" \/>\n<meta property=\"og:locale\" content=\"de_DE\" \/>\n<meta property=\"og:type\" content=\"article\" \/>\n<meta property=\"og:title\" content=\"ProRail-Fahrradschlie\u00dffachs | Armada Mobility\" \/>\n<meta property=\"og:description\" content=\"Unser Fahrradschlie\u00dffach bietet optimalen Schutz vor Regen, Wind und Vandalismus, sodass Sie Ihr Fahrrad sicher und gesch\u00fctzt abstellen k\u00f6nnen. Hauptmerkmale des ProRail-Fahrradschlie\u00dffachs Optionale Extras:\" \/>\n<meta property=\"og:url\" content=\"https:\/\/www.armadamobility.nl\/de\/producten\/prorail-fahrradschliessfachs\/\" \/>\n<meta property=\"og:site_name\" content=\"Armada Mobility\" \/>\n<meta property=\"article:modified_time\" content=\"2025-02-28T14:52:57+00:00\" \/>\n<meta property=\"og:image\" content=\"https:\/\/www.armadamobility.nl\/wp-content\/uploads\/2024\/12\/prorail-kluis.jpg\" \/>\n\t<meta property=\"og:image:width\" content=\"2500\" \/>\n\t<meta property=\"og:image:height\" content=\"1676\" \/>\n\t<meta property=\"og:image:type\" content=\"image\/jpeg\" \/>\n<meta name=\"twitter:card\" content=\"summary_large_image\" \/>\n<meta name=\"twitter:label1\" content=\"Gesch\u00e4tzte Lesezeit\" \/>\n\t<meta name=\"twitter:data1\" content=\"1\u00a0Minute\" \/>\n<script type=\"application\/ld+json\" class=\"yoast-schema-graph\">{\"@context\":\"https:\\\/\\\/schema.org\",\"@graph\":[{\"@type\":\"WebPage\",\"@id\":\"https:\\\/\\\/www.armadamobility.nl\\\/de\\\/producten\\\/prorail-fahrradschliessfachs\\\/\",\"url\":\"https:\\\/\\\/www.armadamobility.nl\\\/de\\\/producten\\\/prorail-fahrradschliessfachs\\\/\",\"name\":\"ProRail-Fahrradschlie\u00dffachs | Armada Mobility\",\"isPartOf\":{\"@id\":\"https:\\\/\\\/www.armadamobility.nl\\\/#website\"},\"primaryImageOfPage\":{\"@id\":\"https:\\\/\\\/www.armadamobility.nl\\\/de\\\/producten\\\/prorail-fahrradschliessfachs\\\/#primaryimage\"},\"image\":{\"@id\":\"https:\\\/\\\/www.armadamobility.nl\\\/de\\\/producten\\\/prorail-fahrradschliessfachs\\\/#primaryimage\"},\"thumbnailUrl\":\"https:\\\/\\\/www.armadamobility.nl\\\/wp-content\\\/uploads\\\/2024\\\/12\\\/prorail-kluis.jpg\",\"datePublished\":\"2024-12-16T11:47:18+00:00\",\"dateModified\":\"2025-02-28T14:52:57+00:00\",\"breadcrumb\":{\"@id\":\"https:\\\/\\\/www.armadamobility.nl\\\/de\\\/producten\\\/prorail-fahrradschliessfachs\\\/#breadcrumb\"},\"inLanguage\":\"de\",\"potentialAction\":[{\"@type\":\"ReadAction\",\"target\":[\"https:\\\/\\\/www.armadamobility.nl\\\/de\\\/producten\\\/prorail-fahrradschliessfachs\\\/\"]}]},{\"@type\":\"ImageObject\",\"inLanguage\":\"de\",\"@id\":\"https:\\\/\\\/www.armadamobility.nl\\\/de\\\/producten\\\/prorail-fahrradschliessfachs\\\/#primaryimage\",\"url\":\"https:\\\/\\\/www.armadamobility.nl\\\/wp-content\\\/uploads\\\/2024\\\/12\\\/prorail-kluis.jpg\",\"contentUrl\":\"https:\\\/\\\/www.armadamobility.nl\\\/wp-content\\\/uploads\\\/2024\\\/12\\\/prorail-kluis.jpg\",\"width\":2500,\"height\":1676},{\"@type\":\"BreadcrumbList\",\"@id\":\"https:\\\/\\\/www.armadamobility.nl\\\/de\\\/producten\\\/prorail-fahrradschliessfachs\\\/#breadcrumb\",\"itemListElement\":[{\"@type\":\"ListItem\",\"position\":1,\"name\":\"Home\",\"item\":\"https:\\\/\\\/www.armadamobility.nl\\\/\"},{\"@type\":\"ListItem\",\"position\":2,\"name\":\"Producten\",\"item\":\"https:\\\/\\\/www.armadamobility.nl\\\/producten\\\/\"},{\"@type\":\"ListItem\",\"position\":3,\"name\":\"ProRail-Fahrradschlie\u00dffachs\"}]},{\"@type\":\"WebSite\",\"@id\":\"https:\\\/\\\/www.armadamobility.nl\\\/#website\",\"url\":\"https:\\\/\\\/www.armadamobility.nl\\\/\",\"name\":\"Armada Mobility\",\"description\":\"Openbare voorzieningen &amp; Rail-Infra\",\"publisher\":{\"@id\":\"https:\\\/\\\/www.armadamobility.nl\\\/#organization\"},\"potentialAction\":[{\"@type\":\"SearchAction\",\"target\":{\"@type\":\"EntryPoint\",\"urlTemplate\":\"https:\\\/\\\/www.armadamobility.nl\\\/?s={search_term_string}\"},\"query-input\":{\"@type\":\"PropertyValueSpecification\",\"valueRequired\":true,\"valueName\":\"search_term_string\"}}],\"inLanguage\":\"de\"},{\"@type\":\"Organization\",\"@id\":\"https:\\\/\\\/www.armadamobility.nl\\\/#organization\",\"name\":\"Armada Mobility B.V.\",\"url\":\"https:\\\/\\\/www.armadamobility.nl\\\/\",\"logo\":{\"@type\":\"ImageObject\",\"inLanguage\":\"de\",\"@id\":\"https:\\\/\\\/www.armadamobility.nl\\\/#\\\/schema\\\/logo\\\/image\\\/\",\"url\":\"https:\\\/\\\/www.armadamobility.nl\\\/wp-content\\\/uploads\\\/2024\\\/09\\\/Logo-armada-mobility.svg\",\"contentUrl\":\"https:\\\/\\\/www.armadamobility.nl\\\/wp-content\\\/uploads\\\/2024\\\/09\\\/Logo-armada-mobility.svg\",\"width\":1699.5,\"height\":303.8,\"caption\":\"Armada Mobility B.V.\"},\"image\":{\"@id\":\"https:\\\/\\\/www.armadamobility.nl\\\/#\\\/schema\\\/logo\\\/image\\\/\"}}]}<\/script>\n<!-- \/ Yoast SEO plugin. -->","yoast_head_json":{"title":"ProRail-Fahrradschlie\u00dffachs | Armada Mobility","robots":{"index":"index","follow":"follow","max-snippet":"max-snippet:-1","max-image-preview":"max-image-preview:large","max-video-preview":"max-video-preview:-1"},"canonical":"https:\/\/www.armadamobility.nl\/de\/producten\/prorail-fahrradschliessfachs\/","og_locale":"de_DE","og_type":"article","og_title":"ProRail-Fahrradschlie\u00dffachs | Armada Mobility","og_description":"Unser Fahrradschlie\u00dffach bietet optimalen Schutz vor Regen, Wind und Vandalismus, sodass Sie Ihr Fahrrad sicher und gesch\u00fctzt abstellen k\u00f6nnen. Hauptmerkmale des ProRail-Fahrradschlie\u00dffachs Optionale Extras:","og_url":"https:\/\/www.armadamobility.nl\/de\/producten\/prorail-fahrradschliessfachs\/","og_site_name":"Armada Mobility","article_modified_time":"2025-02-28T14:52:57+00:00","og_image":[{"width":2500,"height":1676,"url":"https:\/\/www.armadamobility.nl\/wp-content\/uploads\/2024\/12\/prorail-kluis.jpg","type":"image\/jpeg"}],"twitter_card":"summary_large_image","twitter_misc":{"Gesch\u00e4tzte Lesezeit":"1\u00a0Minute"},"schema":{"@context":"https:\/\/schema.org","@graph":[{"@type":"WebPage","@id":"https:\/\/www.armadamobility.nl\/de\/producten\/prorail-fahrradschliessfachs\/","url":"https:\/\/www.armadamobility.nl\/de\/producten\/prorail-fahrradschliessfachs\/","name":"ProRail-Fahrradschlie\u00dffachs | Armada Mobility","isPartOf":{"@id":"https:\/\/www.armadamobility.nl\/#website"},"primaryImageOfPage":{"@id":"https:\/\/www.armadamobility.nl\/de\/producten\/prorail-fahrradschliessfachs\/#primaryimage"},"image":{"@id":"https:\/\/www.armadamobility.nl\/de\/producten\/prorail-fahrradschliessfachs\/#primaryimage"},"thumbnailUrl":"https:\/\/www.armadamobility.nl\/wp-content\/uploads\/2024\/12\/prorail-kluis.jpg","datePublished":"2024-12-16T11:47:18+00:00","dateModified":"2025-02-28T14:52:57+00:00","breadcrumb":{"@id":"https:\/\/www.armadamobility.nl\/de\/producten\/prorail-fahrradschliessfachs\/#breadcrumb"},"inLanguage":"de","potentialAction":[{"@type":"ReadAction","target":["https:\/\/www.armadamobility.nl\/de\/producten\/prorail-fahrradschliessfachs\/"]}]},{"@type":"ImageObject","inLanguage":"de","@id":"https:\/\/www.armadamobility.nl\/de\/producten\/prorail-fahrradschliessfachs\/#primaryimage","url":"https:\/\/www.armadamobility.nl\/wp-content\/uploads\/2024\/12\/prorail-kluis.jpg","contentUrl":"https:\/\/www.armadamobility.nl\/wp-content\/uploads\/2024\/12\/prorail-kluis.jpg","width":2500,"height":1676},{"@type":"BreadcrumbList","@id":"https:\/\/www.armadamobility.nl\/de\/producten\/prorail-fahrradschliessfachs\/#breadcrumb","itemListElement":[{"@type":"ListItem","position":1,"name":"Home","item":"https:\/\/www.armadamobility.nl\/"},{"@type":"ListItem","position":2,"name":"Producten","item":"https:\/\/www.armadamobility.nl\/producten\/"},{"@type":"ListItem","position":3,"name":"ProRail-Fahrradschlie\u00dffachs"}]},{"@type":"WebSite","@id":"https:\/\/www.armadamobility.nl\/#website","url":"https:\/\/www.armadamobility.nl\/","name":"Armada Mobility","description":"Openbare voorzieningen &amp; Rail-Infra","publisher":{"@id":"https:\/\/www.armadamobility.nl\/#organization"},"potentialAction":[{"@type":"SearchAction","target":{"@type":"EntryPoint","urlTemplate":"https:\/\/www.armadamobility.nl\/?s={search_term_string}"},"query-input":{"@type":"PropertyValueSpecification","valueRequired":true,"valueName":"search_term_string"}}],"inLanguage":"de"},{"@type":"Organization","@id":"https:\/\/www.armadamobility.nl\/#organization","name":"Armada Mobility B.V.","url":"https:\/\/www.armadamobility.nl\/","logo":{"@type":"ImageObject","inLanguage":"de","@id":"https:\/\/www.armadamobility.nl\/#\/schema\/logo\/image\/","url":"https:\/\/www.armadamobility.nl\/wp-content\/uploads\/2024\/09\/Logo-armada-mobility.svg","contentUrl":"https:\/\/www.armadamobility.nl\/wp-content\/uploads\/2024\/09\/Logo-armada-mobility.svg","width":1699.5,"height":303.8,"caption":"Armada Mobility B.V."},"image":{"@id":"https:\/\/www.armadamobility.nl\/#\/schema\/logo\/image\/"}}]}},"_links":{"self":[{"href":"https:\/\/www.armadamobility.nl\/de\/wp-json\/wp\/v2\/product\/5002","targetHints":{"allow":["GET"]}}],"collection":[{"href":"https:\/\/www.armadamobility.nl\/de\/wp-json\/wp\/v2\/product"}],"about":[{"href":"https:\/\/www.armadamobility.nl\/de\/wp-json\/wp\/v2\/types\/product"}],"version-history":[{"count":1,"href":"https:\/\/www.armadamobility.nl\/de\/wp-json\/wp\/v2\/product\/5002\/revisions"}],"predecessor-version":[{"id":5003,"href":"https:\/\/www.armadamobility.nl\/de\/wp-json\/wp\/v2\/product\/5002\/revisions\/5003"}],"wp:featuredmedia":[{"embeddable":true,"href":"https:\/\/www.armadamobility.nl\/de\/wp-json\/wp\/v2\/media\/2844"}],"wp:attachment":[{"href":"https:\/\/www.armadamobility.nl\/de\/wp-json\/wp\/v2\/media?parent=5002"}],"curies":[{"name":"wp","href":"https:\/\/api.w.org\/{rel}","templated":true}]}}

ProRail-Fahrradschließfachs

<p>Unser Fahrradschließfach bietet optimalen Schutz vor Regen, Wind und Vandalismus, sodass Sie Ihr Fahrrad sicher und geschützt abstellen können. </p>

<p>
          <strong>Hauptmerkmale des ProRail-Fahrradschließfachs</strong>
        </p>

<ul class="wp-block-list">
<li><strong>Hochwertige Qualität:</strong> Hergestellt aus langlebigen Materialien. Alle Komponenten sind feuerverzinkt und verfügen über eine mehrschichtige Pulverbeschichtung oder seewasserbeständigen Edelstahl (z. B. für Schlösser und Befestigungen). </li>



<li><strong>Benutzerfreundliches Design:</strong> Ausgestattet mit einer Radführung für einfaches Einparken.</li>



<li><strong>Flexible Schließoptionen:</strong> Wahl zwischen Zylinderschloss oder elektronischem Zugang.</li>



<li><strong>Modulares Design: </strong>Geeignet für einseitige und doppelseitige Aufstellung.</li>



<li><strong>Zusätzliche Funktionen: </strong>Innere Trennwand mit verzinktem Gitter, inklusive Kleiderhaken und Fahrrad-Befestigungssystem.</li>
</ul>

<p>
          <strong>Optionale Extras:</strong>
        </p>

<ul class="wp-block-list">
<li>Ladestation für E-Bikes</li>



<li>Reservierung und Zugang per App<br/></li>



<li>Elektronisches Schloss</li>



<li>LED-Beleuchtung</li>



<li>Individuelle Folierung oder Beschriftung</li>
</ul>

<p>Unser Fahrradschließfach bietet optimalen Schutz vor Regen, Wind und Vandalismus, sodass Sie Ihr Fahrrad sicher und geschützt abstellen können. Hauptmerkmale des ProRail-Fahrradschließfachs Optionale Extras:</p>

<!-- This site is optimized with the Yoast SEO plugin v27.3 - https://yoast.com/product/yoast-seo-wordpress/ -->
<title>ProRail-Fahrradschließfachs | Armada Mobility</title>
<meta name="robots" content="index, follow, max-snippet:-1, max-image-preview:large, max-video-preview:-1" />
<link rel="canonical" href="https://www.armadamobility.nl/de/producten/prorail-fahrradschliessfachs/" />
<meta property="og:locale" content="de_DE" />
<meta property="og:type" content="article" />
<meta property="og:title" content="ProRail-Fahrradschließfachs | Armada Mobility" />
<meta property="og:description" content="Unser Fahrradschließfach bietet optimalen Schutz vor Regen, Wind und Vandalismus, sodass Sie Ihr Fahrrad sicher und geschützt abstellen können. Hauptmerkmale des ProRail-Fahrradschließfachs Optionale Extras:" />
<meta property="og:url" content="https://www.armadamobility.nl/de/producten/prorail-fahrradschliessfachs/" />
<meta property="og:site_name" content="Armada Mobility" />
<meta property="article:modified_time" content="2025-02-28T14:52:57+00:00" />
<meta property="og:image" content="https://www.armadamobility.nl/wp-content/uploads/2024/12/prorail-kluis.jpg" />
	<meta property="og:image:width" content="2500" />
	<meta property="og:image:height" content="1676" />
	<meta property="og:image:type" content="image/jpeg" />
<meta name="twitter:card" content="summary_large_image" />
<meta name="twitter:label1" content="Geschätzte Lesezeit" />
	<meta name="twitter:data1" content="1 Minute" />
<script type="application/ld+json" class="yoast-schema-graph">{"@context":"https:\/\/schema.org","@graph":[{"@type":"WebPage","@id":"https:\/\/www.armadamobility.nl\/de\/producten\/prorail-fahrradschliessfachs\/","url":"https:\/\/www.armadamobility.nl\/de\/producten\/prorail-fahrradschliessfachs\/","name":"ProRail-Fahrradschließfachs | Armada Mobility","isPartOf":{"@id":"https:\/\/www.armadamobility.nl\/#website"},"primaryImageOfPage":{"@id":"https:\/\/www.armadamobility.nl\/de\/producten\/prorail-fahrradschliessfachs\/#primaryimage"},"image":{"@id":"https:\/\/www.armadamobility.nl\/de\/producten\/prorail-fahrradschliessfachs\/#primaryimage"},"thumbnailUrl":"https:\/\/www.armadamobility.nl\/wp-content\/uploads\/2024\/12\/prorail-kluis.jpg","datePublished":"2024-12-16T11:47:18+00:00","dateModified":"2025-02-28T14:52:57+00:00","breadcrumb":{"@id":"https:\/\/www.armadamobility.nl\/de\/producten\/prorail-fahrradschliessfachs\/#breadcrumb"},"inLanguage":"de","potentialAction":[{"@type":"ReadAction","target":["https:\/\/www.armadamobility.nl\/de\/producten\/prorail-fahrradschliessfachs\/"]}]},{"@type":"ImageObject","inLanguage":"de","@id":"https:\/\/www.armadamobility.nl\/de\/producten\/prorail-fahrradschliessfachs\/#primaryimage","url":"https:\/\/www.armadamobility.nl\/wp-content\/uploads\/2024\/12\/prorail-kluis.jpg","contentUrl":"https:\/\/www.armadamobility.nl\/wp-content\/uploads\/2024\/12\/prorail-kluis.jpg","width":2500,"height":1676},{"@type":"BreadcrumbList","@id":"https:\/\/www.armadamobility.nl\/de\/producten\/prorail-fahrradschliessfachs\/#breadcrumb","itemListElement":[{"@type":"ListItem","position":1,"name":"Home","item":"https:\/\/www.armadamobility.nl\/"},{"@type":"ListItem","position":2,"name":"Producten","item":"https:\/\/www.armadamobility.nl\/producten\/"},{"@type":"ListItem","position":3,"name":"ProRail-Fahrradschließfachs"}]},{"@type":"WebSite","@id":"https:\/\/www.armadamobility.nl\/#website","url":"https:\/\/www.armadamobility.nl\/","name":"Armada Mobility","description":"Openbare voorzieningen &amp; Rail-Infra","publisher":{"@id":"https:\/\/www.armadamobility.nl\/#organization"},"potentialAction":[{"@type":"SearchAction","target":{"@type":"EntryPoint","urlTemplate":"https:\/\/www.armadamobility.nl\/?s={search_term_string}"},"query-input":{"@type":"PropertyValueSpecification","valueRequired":true,"valueName":"search_term_string"}}],"inLanguage":"de"},{"@type":"Organization","@id":"https:\/\/www.armadamobility.nl\/#organization","name":"Armada Mobility B.V.","url":"https:\/\/www.armadamobility.nl\/","logo":{"@type":"ImageObject","inLanguage":"de","@id":"https:\/\/www.armadamobility.nl\/#\/schema\/logo\/image\/","url":"https:\/\/www.armadamobility.nl\/wp-content\/uploads\/2024\/09\/Logo-armada-mobility.svg","contentUrl":"https:\/\/www.armadamobility.nl\/wp-content\/uploads\/2024\/09\/Logo-armada-mobility.svg","width":1699.5,"height":303.8,"caption":"Armada Mobility B.V."},"image":{"@id":"https:\/\/www.armadamobility.nl\/#\/schema\/logo\/image\/"}}]}</script>
<!-- / Yoast SEO plugin. -->

ProRail-Fahrradschließfachs | Armada Mobility

Unser Fahrradschließfach bietet optimalen Schutz vor Regen, Wind und Vandalismus, sodass Sie Ihr Fahrrad sicher und geschützt abstellen können. Hauptmerkmale des ProRail-Fahrradschließfachs Optionale Extras:
